
{"id":1065,"date":"2013-09-19T17:42:17","date_gmt":"2013-09-19T17:42:17","guid":{"rendered":"https:\/\/www.academiauruguay.com\/?page_id=1065"},"modified":"2024-03-13T11:13:58","modified_gmt":"2024-03-13T14:13:58","slug":"los-fundadores","status":"publish","type":"page","link":"https:\/\/www.academiauruguay.com\/es\/la-academia\/los-fundadores\/","title":{"rendered":"Fundadores"},"content":{"rendered":"\r\n<p>Mart\u00edn (52 a\u00f1os). De Uruguay. Mart\u00edn est\u00e1 estudiando Sommelier en la Universidad de la Rep\u00fablica y tiene experiencia de trabajo en varios campos. Es un experto en carreras de larga distancia y un gran conocedor de vinos. Tiene dos hijos: Clara y Francisco.<\/p>\r\n<p>Virginia (50 a\u00f1os). De Uruguay. Virginia es bailarina profesional de danza contempor\u00e1nea, y, cuando no est\u00e1 viajando, trabaja como profesora de danza en la Universidad. Virginia ama leer literatura latinoamericana y tomar mate. Ella tiene dos hijas: Olivia y Helena<\/p>\r\n<p>Federico (54 a\u00f1os). De Alemania. Federico tiene un doctorado en Sociolog\u00eda y trabaj\u00f3 como profesor de la Universidad de Buenos Aires. Vivi\u00f3 muchos a\u00f1os en Francia pero luego se mud\u00f3 a Buenos Aires y es all\u00ed donde reside actualmente.<\/p>\r\n<p>Mar\u00eda Marta (52 a\u00f1os). De Argentina. Mar\u00eda es una experimentada psic\u00f3loga con un posgrado en Pol\u00edticas Sociales. Ha viajado por varios pa\u00edses de Am\u00e9rica Latina y es madre de Ulises.<\/p>\r\n<p>Francisco (56 a\u00f1os). De Argentina. Francisco trabaj\u00f3 durante muchos a\u00f1os en el Consejo Nacional en el que desempe\u00f1aba tareas asociadas a los ni\u00f1os que viven en la calle. Adem\u00e1s trabaja como actor, realiza castings para pel\u00edculas y es dise\u00f1ador de vestuario para teatro.<\/p>\r\n","protected":false},"excerpt":{"rendered":"<p>Mart\u00edn (52 a\u00f1os). De Uruguay. Mart\u00edn est\u00e1 estudiando Sommelier en la Universidad de la Rep\u00fablica y tiene experiencia de trabajo en varios campos. Es un experto en carreras de larga distancia y un gran conocedor de vinos. Tiene dos hijos: Clara y Francisco. Virginia (50 a\u00f1os). De Uruguay. Virginia es bailarina profesional de danza contempor\u00e1nea, [&hellip;]<\/p>\n","protected":false},"author":5,"featured_media":0,"parent":1059,"menu_order":34,"comment_status":"open","ping_status":"closed","template":"","meta":{"footnotes":""},"class_list":["post-1065","page","type-page","status-publish","hentry","entry"],"yoast_head":"<!-- This site is optimized with the Yoast SEO plugin v26.0 - https:\/\/yoast.com\/wordpress\/plugins\/seo\/ -->\n<title>Fundadores - Academia Uruguay<\/title>\n<meta name=\"robots\" content=\"index, follow, max-snippet:-1, max-image-preview:large, max-video-preview:-1\" \/>\n<link rel=\"canonical\" href=\"https:\/\/www.academiauruguay.com\/es\/la-academia\/los-fundadores\/\" \/>\n<meta name=\"twitter:label1\" content=\"Est. reading time\" \/>\n\t<meta name=\"twitter:data1\" content=\"1 minute\" \/>\n<script type=\"application\/ld+json\" class=\"yoast-schema-graph\">{\"@context\":\"https:\/\/schema.org\",\"@graph\":[{\"@type\":\"WebPage\",\"@id\":\"https:\/\/www.academiauruguay.com\/es\/la-academia\/los-fundadores\/\",\"url\":\"https:\/\/www.academiauruguay.com\/es\/la-academia\/los-fundadores\/\",\"name\":\"Fundadores - Academia Uruguay\",\"isPartOf\":{\"@id\":\"https:\/\/www.academiauruguay.com\/es\/#website\"},\"datePublished\":\"2013-09-19T17:42:17+00:00\",\"dateModified\":\"2024-03-13T14:13:58+00:00\",\"breadcrumb\":{\"@id\":\"https:\/\/www.academiauruguay.com\/es\/la-academia\/los-fundadores\/#breadcrumb\"},\"inLanguage\":\"es-ES\",\"potentialAction\":[{\"@type\":\"ReadAction\",\"target\":[\"https:\/\/www.academiauruguay.com\/es\/la-academia\/los-fundadores\/\"]}]},{\"@type\":\"BreadcrumbList\",\"@id\":\"https:\/\/www.academiauruguay.com\/es\/la-academia\/los-fundadores\/#breadcrumb\",\"itemListElement\":[{\"@type\":\"ListItem\",\"position\":1,\"name\":\"Home\",\"item\":\"https:\/\/www.academiauruguay.com\/es\/\"},{\"@type\":\"ListItem\",\"position\":2,\"name\":\"La Academia\",\"item\":\"https:\/\/www.academiauruguay.com\/es\/la-academia\/\"},{\"@type\":\"ListItem\",\"position\":3,\"name\":\"Fundadores\"}]},{\"@type\":\"WebSite\",\"@id\":\"https:\/\/www.academiauruguay.com\/es\/#website\",\"url\":\"https:\/\/www.academiauruguay.com\/es\/\",\"name\":\"Academia Uruguay\",\"description\":\"spanish courses\",\"potentialAction\":[{\"@type\":\"SearchAction\",\"target\":{\"@type\":\"EntryPoint\",\"urlTemplate\":\"https:\/\/www.academiauruguay.com\/es\/?s={search_term_string}\"},\"query-input\":{\"@type\":\"PropertyValueSpecification\",\"valueRequired\":true,\"valueName\":\"search_term_string\"}}],\"inLanguage\":\"es-ES\"}]}<\/script>\n<!-- \/ Yoast SEO plugin. -->","yoast_head_json":{"title":"Fundadores - Academia Uruguay","robots":{"index":"index","follow":"follow","max-snippet":"max-snippet:-1","max-image-preview":"max-image-preview:large","max-video-preview":"max-video-preview:-1"},"canonical":"https:\/\/www.academiauruguay.com\/es\/la-academia\/los-fundadores\/","twitter_misc":{"Est. reading time":"1 minute"},"schema":{"@context":"https:\/\/schema.org","@graph":[{"@type":"WebPage","@id":"https:\/\/www.academiauruguay.com\/es\/la-academia\/los-fundadores\/","url":"https:\/\/www.academiauruguay.com\/es\/la-academia\/los-fundadores\/","name":"Fundadores - Academia Uruguay","isPartOf":{"@id":"https:\/\/www.academiauruguay.com\/es\/#website"},"datePublished":"2013-09-19T17:42:17+00:00","dateModified":"2024-03-13T14:13:58+00:00","breadcrumb":{"@id":"https:\/\/www.academiauruguay.com\/es\/la-academia\/los-fundadores\/#breadcrumb"},"inLanguage":"es-ES","potentialAction":[{"@type":"ReadAction","target":["https:\/\/www.academiauruguay.com\/es\/la-academia\/los-fundadores\/"]}]},{"@type":"BreadcrumbList","@id":"https:\/\/www.academiauruguay.com\/es\/la-academia\/los-fundadores\/#breadcrumb","itemListElement":[{"@type":"ListItem","position":1,"name":"Home","item":"https:\/\/www.academiauruguay.com\/es\/"},{"@type":"ListItem","position":2,"name":"La Academia","item":"https:\/\/www.academiauruguay.com\/es\/la-academia\/"},{"@type":"ListItem","position":3,"name":"Fundadores"}]},{"@type":"WebSite","@id":"https:\/\/www.academiauruguay.com\/es\/#website","url":"https:\/\/www.academiauruguay.com\/es\/","name":"Academia Uruguay","description":"spanish courses","potentialAction":[{"@type":"SearchAction","target":{"@type":"EntryPoint","urlTemplate":"https:\/\/www.academiauruguay.com\/es\/?s={search_term_string}"},"query-input":{"@type":"PropertyValueSpecification","valueRequired":true,"valueName":"search_term_string"}}],"inLanguage":"es-ES"}]}},"_links":{"self":[{"href":"https:\/\/www.academiauruguay.com\/es\/wp-json\/wp\/v2\/pages\/1065","targetHints":{"allow":["GET"]}}],"collection":[{"href":"https:\/\/www.academiauruguay.com\/es\/wp-json\/wp\/v2\/pages"}],"about":[{"href":"https:\/\/www.academiauruguay.com\/es\/wp-json\/wp\/v2\/types\/page"}],"author":[{"embeddable":true,"href":"https:\/\/www.academiauruguay.com\/es\/wp-json\/wp\/v2\/users\/5"}],"replies":[{"embeddable":true,"href":"https:\/\/www.academiauruguay.com\/es\/wp-json\/wp\/v2\/comments?post=1065"}],"version-history":[{"count":0,"href":"https:\/\/www.academiauruguay.com\/es\/wp-json\/wp\/v2\/pages\/1065\/revisions"}],"up":[{"embeddable":true,"href":"https:\/\/www.academiauruguay.com\/es\/wp-json\/wp\/v2\/pages\/1059"}],"wp:attachment":[{"href":"https:\/\/www.academiauruguay.com\/es\/wp-json\/wp\/v2\/media?parent=1065"}],"curies":[{"name":"wp","href":"https:\/\/api.w.org\/{rel}","templated":true}]}}

<p>Martín (52 años). De Uruguay. Martín está estudiando Sommelier en la Universidad de la República y tiene experiencia de trabajo en varios campos. Es un experto en carreras de larga distancia y un gran conocedor de vinos. Tiene dos hijos: Clara y Francisco.</p>
<p>Virginia (50 años). De Uruguay. Virginia es bailarina profesional de danza contemporánea, y, cuando no está viajando, trabaja como profesora de danza en la Universidad. Virginia ama leer literatura latinoamericana y tomar mate. Ella tiene dos hijas: Olivia y Helena</p>
<p>Federico (54 años). De Alemania. Federico tiene un doctorado en Sociología y trabajó como profesor de la Universidad de Buenos Aires. Vivió muchos años en Francia pero luego se mudó a Buenos Aires y es allí donde reside actualmente.</p>
<p>María Marta (52 años). De Argentina. María es una experimentada psicóloga con un posgrado en Políticas Sociales. Ha viajado por varios países de América Latina y es madre de Ulises.</p>
<p>Francisco (56 años). De Argentina. Francisco trabajó durante muchos años en el Consejo Nacional en el que desempeñaba tareas asociadas a los niños que viven en la calle. Además trabaja como actor, realiza castings para películas y es diseñador de vestuario para teatro.</p>

<p>Martín (52 años). De Uruguay. Martín está estudiando Sommelier en la Universidad de la República y tiene experiencia de trabajo en varios campos. Es un experto en carreras de larga distancia y un gran conocedor de vinos. Tiene dos hijos: Clara y Francisco. Virginia (50 años). De Uruguay. Virginia es bailarina profesional de danza contemporánea, [&hellip;]</p>
